File: /home/crowdandsafety/access-logs/crowdandsafety.ro-ssl_log
57.141.20.67 - - [25/Apr/2026:15:12:42 +0300] "GET /author-sitemap.xml HTTP/1.1" 404 - "-" "meta-externalagent/1.1 (+https://developers.facebook.com/docs/sharing/webmasters/crawler)"
207.46.13.9 - - [25/Apr/2026:15:21:32 +0300] "GET /jewshipaiu.xml HTTP/1.1" 404 - "-" "Mozilla/5.0 AppleWebKit/537.36 (KHTML, like Gecko; compatible; bingbot/2.0; +http://www.bing.com/bingbot.htm) Chrome/116.0.1938.76 Safari/537.36"
40.77.167.45 - - [25/Apr/2026:15:29:07 +0300] "GET /duecentistkzk.xml HTTP/1.1" 404 - "-" "Mozilla/5.0 AppleWebKit/537.36 (KHTML, like Gecko; compatible; bingbot/2.0; +http://www.bing.com/bingbot.htm) Chrome/116.0.1938.76 Safari/537.36"
199.45.154.138 - - [25/Apr/2026:15:29:46 +0300] "GET / HTTP/1.1" 200 5186 "-" "Mozilla/5.0 (compatible; CensysInspect/1.1; +https://about.censys.io/)"
199.45.154.138 - - [25/Apr/2026:15:29:48 +0300] "GET /favicon.ico HTTP/1.1" 404 - "-" "Mozilla/5.0 (compatible; CensysInspect/1.1; +https://about.censys.io/)"
199.45.154.138 - - [25/Apr/2026:15:30:05 +0300] "GET / HTTP/1.1" 200 5186 "-" "Mozilla/5.0 (compatible; CensysInspect/1.1; +https://about.censys.io/)"
199.45.154.138 - - [25/Apr/2026:15:30:06 +0300] "GET /wp-content HTTP/1.1" 301 289 "-" "Mozilla/5.0 (compatible; CensysInspect/1.1; +https://about.censys.io/)"
91.220.63.221 - - [25/Apr/2026:15:30:06 +0300] "POST /wp-cron.php?doing_wp_cron=1777120206.8376419544219970703125 HTTP/1.1" 403 22 "-" "WordPress/6.9.4; https://crowdandsafety.ro"
199.45.154.138 - - [25/Apr/2026:15:30:06 +0300] "GET /wp-content/ HTTP/1.1" 200 - "https://www.crowdandsafety.ro:443/wp-content" "Mozilla/5.0 (compatible; CensysInspect/1.1; +https://about.censys.io/)"
199.45.154.138 - - [25/Apr/2026:15:30:07 +0300] "GET /wp-admin HTTP/1.1" 301 287 "-" "Mozilla/5.0 (compatible; CensysInspect/1.1; +https://about.censys.io/)"
199.45.154.138 - - [25/Apr/2026:15:30:07 +0300] "GET /wp-admin/ HTTP/1.1" 302 - "https://www.crowdandsafety.ro:443/wp-admin" "Mozilla/5.0 (compatible; CensysInspect/1.1; +https://about.censys.io/)"
157.55.39.57 - - [25/Apr/2026:15:32:11 +0300] "GET /islandologistwtt.xml HTTP/1.1" 404 - "-" "Mozilla/5.0 AppleWebKit/537.36 (KHTML, like Gecko; compatible; bingbot/2.0; +http://www.bing.com/bingbot.htm) Chrome/116.0.1938.76 Safari/537.36"
40.77.167.45 - - [25/Apr/2026:15:33:57 +0300] "GET /ornithivorouswxy.xml HTTP/1.1" 404 - "-" "Mozilla/5.0 AppleWebKit/537.36 (KHTML, like Gecko; compatible; bingbot/2.0; +http://www.bing.com/bingbot.htm) Chrome/116.0.1938.76 Safari/537.36"
40.77.167.45 - - [25/Apr/2026:15:34:07 +0300] "GET /schradertrd.xml HTTP/1.1" 404 - "-" "Mozilla/5.0 AppleWebKit/537.36 (KHTML, like Gecko; compatible; bingbot/2.0; +http://www.bing.com/bingbot.htm) Chrome/116.0.1938.76 Safari/537.36"
157.55.39.57 - - [25/Apr/2026:15:34:22 +0300] "GET /riggishmpd.xml HTTP/1.1" 404 - "-" "Mozilla/5.0 AppleWebKit/537.36 (KHTML, like Gecko; compatible; bingbot/2.0; +http://www.bing.com/bingbot.htm) Chrome/116.0.1938.76 Safari/537.36"
157.55.39.57 - - [25/Apr/2026:15:35:33 +0300] "GET /yemenitevnu.xml HTTP/1.1" 404 - "-" "Mozilla/5.0 AppleWebKit/537.36 (KHTML, like Gecko; compatible; bingbot/2.0; +http://www.bing.com/bingbot.htm) Chrome/116.0.1938.76 Safari/537.36"
52.167.144.172 - - [25/Apr/2026:15:35:42 +0300] "GET /intraauricularnoq.xml HTTP/1.1" 404 - "-" "Mozilla/5.0 AppleWebKit/537.36 (KHTML, like Gecko; compatible; bingbot/2.0; +http://www.bing.com/bingbot.htm) Chrome/116.0.1938.76 Safari/537.36"
40.77.167.26 - - [25/Apr/2026:15:41:07 +0300] "GET /evermozgb.xml HTTP/1.1" 404 - "-" "Mozilla/5.0 AppleWebKit/537.36 (KHTML, like Gecko; compatible; bingbot/2.0; +http://www.bing.com/bingbot.htm) Chrome/116.0.1938.76 Safari/537.36"
52.167.144.195 - - [25/Apr/2026:15:46:44 +0300] "GET /outgainhlr.xml HTTP/1.1" 404 - "-" "Mozilla/5.0 AppleWebKit/537.36 (KHTML, like Gecko; compatible; bingbot/2.0; +http://www.bing.com/bingbot.htm) Chrome/116.0.1938.76 Safari/537.36"
40.77.167.26 - - [25/Apr/2026:15:48:48 +0300] "GET /nondeciduataqvq.xml HTTP/1.1" 404 - "-" "Mozilla/5.0 AppleWebKit/537.36 (KHTML, like Gecko; compatible; bingbot/2.0; +http://www.bing.com/bingbot.htm) Chrome/116.0.1938.76 Safari/537.36"
40.77.167.20 - - [25/Apr/2026:15:50:09 +0300] "GET /slopsellerqjj.xml HTTP/1.1" 404 - "-" "Mozilla/5.0 AppleWebKit/537.36 (KHTML, like Gecko; compatible; bingbot/2.0; +http://www.bing.com/bingbot.htm) Chrome/116.0.1938.76 Safari/537.36"
57.141.20.47 - - [25/Apr/2026:15:51:35 +0300] "GET /page-sitemap.xml HTTP/1.1" 404 - "-" "meta-externalagent/1.1 (+https://developers.facebook.com/docs/sharing/webmasters/crawler)"
207.46.13.36 - - [25/Apr/2026:15:52:20 +0300] "GET /curtainfallbnk.xml HTTP/1.1" 404 - "-" "Mozilla/5.0 AppleWebKit/537.36 (KHTML, like Gecko; compatible; bingbot/2.0; +http://www.bing.com/bingbot.htm) Chrome/116.0.1938.76 Safari/537.36"
40.77.167.254 - - [25/Apr/2026:15:53:24 +0300] "GET /cayennesijy.xml HTTP/1.1" 404 - "-" "Mozilla/5.0 AppleWebKit/537.36 (KHTML, like Gecko; compatible; bingbot/2.0; +http://www.bing.com/bingbot.htm) Chrome/116.0.1938.76 Safari/537.36"
216.73.216.133 - - [25/Apr/2026:15:57:02 +0300] "GET /robots.txt HTTP/1.1" 200 1924 "-" "Mozilla/5.0 AppleWebKit/537.36 (KHTML, like Gecko; compatible; ClaudeBot/1.0; +claudebot@anthropic.com)"
91.220.63.221 - - [25/Apr/2026:15:57:02 +0300] "POST /wp-cron.php?doing_wp_cron=1777121822.7070569992065429687500 HTTP/1.1" 403 22 "-" "WordPress/6.9.4; https://crowdandsafety.ro"
216.73.216.133 - - [25/Apr/2026:15:57:02 +0300] "GET /wp-activate.php HTTP/1.1" 302 - "-" "Mozilla/5.0 AppleWebKit/537.36 (KHTML, like Gecko; compatible; ClaudeBot/1.0; +claudebot@anthropic.com)"
216.73.216.133 - - [25/Apr/2026:15:57:02 +0300] "GET /wp-login.php?action=register HTTP/1.1" 302 - "https://crowdandsafety.ro/wp-activate.php" "Mozilla/5.0 AppleWebKit/537.36 (KHTML, like Gecko; compatible; ClaudeBot/1.0; +claudebot@anthropic.com)"
216.73.216.133 - - [25/Apr/2026:15:57:03 +0300] "GET /wp-set.php HTTP/1.1" 200 11464 "-" "Mozilla/5.0 AppleWebKit/537.36 (KHTML, like Gecko; compatible; ClaudeBot/1.0; +claudebot@anthropic.com)"
216.73.216.133 - - [25/Apr/2026:15:57:03 +0300] "GET /wp-login.php?registration=disabled HTTP/1.1" 200 4936 "https://crowdandsafety.ro/wp-login.php?action=register" "Mozilla/5.0 AppleWebKit/537.36 (KHTML, like Gecko; compatible; ClaudeBot/1.0; +claudebot@anthropic.com)"
216.73.216.133 - - [25/Apr/2026:15:57:23 +0300] "GET /wp-settings.php HTTP/1.1" 403 22 "-" "Mozilla/5.0 AppleWebKit/537.36 (KHTML, like Gecko; compatible; ClaudeBot/1.0; +claudebot@anthropic.com)"
216.73.216.133 - - [25/Apr/2026:15:57:23 +0300] "GET /wp-load.php HTTP/1.1" 403 22 "-" "Mozilla/5.0 AppleWebKit/537.36 (KHTML, like Gecko; compatible; ClaudeBot/1.0; +claudebot@anthropic.com)"
216.73.216.133 - - [25/Apr/2026:15:58:15 +0300] "GET /wp-mail.php HTTP/1.1" 403 22 "-" "Mozilla/5.0 AppleWebKit/537.36 (KHTML, like Gecko; compatible; ClaudeBot/1.0; +claudebot@anthropic.com)"
216.73.216.133 - - [25/Apr/2026:15:58:15 +0300] "GET /wp-comments-post.php HTTP/1.1" 403 22 "-" "Mozilla/5.0 AppleWebKit/537.36 (KHTML, like Gecko; compatible; ClaudeBot/1.0; +claudebot@anthropic.com)"
216.73.216.133 - - [25/Apr/2026:15:58:45 +0300] "GET /wp-config.php HTTP/1.1" 404 - "-" "Mozilla/5.0 AppleWebKit/537.36 (KHTML, like Gecko; compatible; ClaudeBot/1.0; +claudebot@anthropic.com)"
216.73.216.133 - - [25/Apr/2026:15:58:45 +0300] "GET /wp-config-sample.php HTTP/1.1" 403 22 "-" "Mozilla/5.0 AppleWebKit/537.36 (KHTML, like Gecko; compatible; ClaudeBot/1.0; +claudebot@anthropic.com)"
91.220.63.221 - - [25/Apr/2026:15:58:51 +0300] "POST /wp-cron.php?doing_wp_cron=1777121931.7201991081237792968750 HTTP/1.1" 403 22 "-" "WordPress/6.9.4; https://crowdandsafety.ro"
216.73.216.133 - - [25/Apr/2026:15:58:51 +0300] "GET /wp-admin/ HTTP/1.1" 302 - "-" "Mozilla/5.0 AppleWebKit/537.36 (KHTML, like Gecko; compatible; ClaudeBot/1.0; +claudebot@anthropic.com)"
216.73.216.133 - - [25/Apr/2026:15:58:51 +0300] "GET /wp-trackback.php HTTP/1.1" 403 22 "-" "Mozilla/5.0 AppleWebKit/537.36 (KHTML, like Gecko; compatible; ClaudeBot/1.0; +claudebot@anthropic.com)"
216.73.216.133 - - [25/Apr/2026:15:58:51 +0300] "GET /wp-login.php?redirect_to=https%3A%2F%2Fcrowdandsafety.ro%2Fwp-admin%2F&reauth=1 HTTP/1.1" 200 4744 "https://crowdandsafety.ro/wp-admin/" "Mozilla/5.0 AppleWebKit/537.36 (KHTML, like Gecko; compatible; ClaudeBot/1.0; +claudebot@anthropic.com)"
216.73.216.133 - - [25/Apr/2026:15:59:32 +0300] "GET /wp-cron.php HTTP/1.1" 403 22 "-" "Mozilla/5.0 AppleWebKit/537.36 (KHTML, like Gecko; compatible; ClaudeBot/1.0; +claudebot@anthropic.com)"
216.73.216.133 - - [25/Apr/2026:15:59:32 +0300] "GET /wp-login.php HTTP/1.1" 200 4744 "-" "Mozilla/5.0 AppleWebKit/537.36 (KHTML, like Gecko; compatible; ClaudeBot/1.0; +claudebot@anthropic.com)"
216.73.216.133 - - [25/Apr/2026:16:00:12 +0300] "GET /readme.html HTTP/1.1" 200 7425 "-" "Mozilla/5.0 AppleWebKit/537.36 (KHTML, like Gecko; compatible; ClaudeBot/1.0; +claudebot@anthropic.com)"
216.73.216.133 - - [25/Apr/2026:16:00:13 +0300] "GET /wp-includes/ HTTP/1.1" 200 53022 "-" "Mozilla/5.0 AppleWebKit/537.36 (KHTML, like Gecko; compatible; ClaudeBot/1.0; +claudebot@anthropic.com)"
216.73.216.133 - - [25/Apr/2026:16:00:24 +0300] "GET /wp-conffg.php HTTP/1.1" 403 22 "-" "Mozilla/5.0 AppleWebKit/537.36 (KHTML, like Gecko; compatible; ClaudeBot/1.0; +claudebot@anthropic.com)"
91.220.63.221 - - [25/Apr/2026:16:00:24 +0300] "POST /wp-cron.php?doing_wp_cron=1777122024.3181569576263427734375 HTTP/1.1" 403 22 "-" "WordPress/6.9.4; https://crowdandsafety.ro"
216.73.216.133 - - [25/Apr/2026:16:00:24 +0300] "GET /wp-sign.php HTTP/1.1" 200 11464 "-" "Mozilla/5.0 AppleWebKit/537.36 (KHTML, like Gecko; compatible; ClaudeBot/1.0; +claudebot@anthropic.com)"
216.73.216.133 - - [25/Apr/2026:16:01:00 +0300] "GET /wp-content/ HTTP/1.1" 200 - "-" "Mozilla/5.0 AppleWebKit/537.36 (KHTML, like Gecko; compatible; ClaudeBot/1.0; +claudebot@anthropic.com)"
216.73.216.133 - - [25/Apr/2026:16:01:15 +0300] "GET /wp-signup.php HTTP/1.1" 302 - "-" "Mozilla/5.0 AppleWebKit/537.36 (KHTML, like Gecko; compatible; ClaudeBot/1.0; +claudebot@anthropic.com)"
216.73.216.133 - - [25/Apr/2026:16:01:16 +0300] "GET /wp-login.php?action=register HTTP/1.1" 302 - "https://crowdandsafety.ro/wp-signup.php" "Mozilla/5.0 AppleWebKit/537.36 (KHTML, like Gecko; compatible; ClaudeBot/1.0; +claudebot@anthropic.com)"
216.73.216.133 - - [25/Apr/2026:16:01:16 +0300] "GET /wp-login.php?registration=disabled HTTP/1.1" 200 4936 "https://crowdandsafety.ro/wp-login.php?action=register" "Mozilla/5.0 AppleWebKit/537.36 (KHTML, like Gecko; compatible; ClaudeBot/1.0; +claudebot@anthropic.com)"
91.220.63.221 - - [25/Apr/2026:16:02:03 +0300] "POST /wp-cron.php?doing_wp_cron=1777122123.0235838890075683593750 HTTP/1.1" 403 22 "-" "WordPress/6.9.4; https://crowdandsafety.ro"
216.73.216.133 - - [25/Apr/2026:16:01:57 +0300] "GET /wp-sx9.php HTTP/1.1" 200 5 "-" "Mozilla/5.0 AppleWebKit/537.36 (KHTML, like Gecko; compatible; ClaudeBot/1.0; +claudebot@anthropic.com)"
216.73.216.133 - - [25/Apr/2026:16:02:37 +0300] "GET /wp-blog-header.php HTTP/1.1" 403 22 "-" "Mozilla/5.0 AppleWebKit/537.36 (KHTML, like Gecko; compatible; ClaudeBot/1.0; +claudebot@anthropic.com)"
216.73.216.133 - - [25/Apr/2026:16:02:49 +0300] "GET /wp-sbd0vl.php HTTP/1.1" 200 59198 "-" "Mozilla/5.0 AppleWebKit/537.36 (KHTML, like Gecko; compatible; ClaudeBot/1.0; +claudebot@anthropic.com)"
91.220.63.221 - - [25/Apr/2026:16:03:25 +0300] "POST /wp-cron.php?doing_wp_cron=1777122205.4141678810119628906250 HTTP/1.1" 403 22 "-" "WordPress/6.9.4; https://crowdandsafety.ro"
216.73.216.133 - - [25/Apr/2026:16:03:25 +0300] "GET /wp-links-opml.php HTTP/1.1" 200 244 "-" "Mozilla/5.0 AppleWebKit/537.36 (KHTML, like Gecko; compatible; ClaudeBot/1.0; +claudebot@anthropic.com)"
216.73.216.133 - - [25/Apr/2026:16:03:35 +0300] "GET /robots.txt HTTP/1.1" 200 1924 "-" "Mozilla/5.0 AppleWebKit/537.36 (KHTML, like Gecko; compatible; ClaudeBot/1.0; +claudebot@anthropic.com)"
216.73.216.133 - - [25/Apr/2026:16:04:11 +0300] "GET /license.txt HTTP/1.1" 200 19903 "-" "Mozilla/5.0 AppleWebKit/537.36 (KHTML, like Gecko; compatible; ClaudeBot/1.0; +claudebot@anthropic.com)"
216.73.216.133 - - [25/Apr/2026:16:04:27 +0300] "GET /?C=N&O=D HTTP/1.1" 200 5186 "-" "Mozilla/5.0 AppleWebKit/537.36 (KHTML, like Gecko; compatible; ClaudeBot/1.0; +claudebot@anthropic.com)"
91.220.63.221 - - [25/Apr/2026:16:04:57 +0300] "POST /wp-cron.php?doing_wp_cron=1777122297.7897388935089111328125 HTTP/1.1" 403 22 "-" "WordPress/6.9.4; https://crowdandsafety.ro"
216.73.216.133 - - [25/Apr/2026:16:04:57 +0300] "GET /wp-rzw74f.php HTTP/1.1" 200 59198 "-" "Mozilla/5.0 AppleWebKit/537.36 (KHTML, like Gecko; compatible; ClaudeBot/1.0; +claudebot@anthropic.com)"
66.249.69.196 - - [25/Apr/2026:16:05:02 +0300] "GET /cate-45-46 HTTP/1.1" 404 - "-" "Mozilla/5.0 (Linux; Android 6.0.1; Nexus 5X Build/MMB29P) AppleWebKit/537.36 (KHTML, like Gecko) Chrome/146.0.7680.177 Mobile Safari/537.36 (compatible; GoogleOther)"
216.73.216.133 - - [25/Apr/2026:16:05:39 +0300] "GET /?C=M&O=A HTTP/1.1" 200 5186 "-" "Mozilla/5.0 AppleWebKit/537.36 (KHTML, like Gecko; compatible; ClaudeBot/1.0; +claudebot@anthropic.com)"
216.73.216.133 - - [25/Apr/2026:16:05:44 +0300] "GET /?C=D&O=A HTTP/1.1" 200 5186 "-" "Mozilla/5.0 AppleWebKit/537.36 (KHTML, like Gecko; compatible; ClaudeBot/1.0; +claudebot@anthropic.com)"
216.73.216.133 - - [25/Apr/2026:16:06:36 +0300] "GET /?C=S&O=A HTTP/1.1" 200 5186 "-" "Mozilla/5.0 AppleWebKit/537.36 (KHTML, like Gecko; compatible; ClaudeBot/1.0; +claudebot@anthropic.com)"
181.233.125.233 - - [25/Apr/2026:16:07:24 +0300] "GET / HTTP/1.1" 200 5186 "-" "Mozilla/5.0 (Macintosh; Intel Mac OS X 14_2) AppleWebKit/605.1.15 (KHTML, like Gecko) Version/17.2 Safari/605.1.15"
57.141.20.3 - - [25/Apr/2026:16:12:33 +0300] "GET / HTTP/1.1" 200 5186 "-" "meta-externalagent/1.1 (+https://developers.facebook.com/docs/sharing/webmasters/crawler)"
40.77.167.101 - - [25/Apr/2026:16:17:16 +0300] "GET /robots.txt HTTP/1.1" 200 1924 "-" "Mozilla/5.0 AppleWebKit/537.36 (KHTML, like Gecko; compatible; bingbot/2.0; +http://www.bing.com/bingbot.htm) Chrome/116.0.1938.76 Safari/537.36"
40.77.167.40 - - [25/Apr/2026:16:17:21 +0300] "GET /paronomasiasticozn.xml HTTP/1.1" 404 - "-" "Mozilla/5.0 AppleWebKit/537.36 (KHTML, like Gecko; compatible; bingbot/2.0; +http://www.bing.com/bingbot.htm) Chrome/116.0.1938.76 Safari/537.36"
66.249.69.198 - - [25/Apr/2026:16:19:14 +0300] "GET /items/O731381905/ HTTP/1.1" 404 - "-" "Mozilla/5.0 (Linux; Android 6.0.1; Nexus 5X Build/MMB29P) AppleWebKit/537.36 (KHTML, like Gecko) Chrome/146.0.7680.177 Mobile Safari/537.36 (compatible; GoogleOther)"
66.249.69.198 - - [25/Apr/2026:16:21:17 +0300] "GET /items/T732875270/ HTTP/1.1" 404 - "-" "Mozilla/5.0 (Linux; Android 6.0.1; Nexus 5X Build/MMB29P) AppleWebKit/537.36 (KHTML, like Gecko) Chrome/146.0.7680.177 Mobile Safari/537.36 (compatible; GoogleOther)"
207.46.13.124 - - [25/Apr/2026:16:22:12 +0300] "GET /nonculminationfdl.xml HTTP/1.1" 404 - "-" "Mozilla/5.0 AppleWebKit/537.36 (KHTML, like Gecko; compatible; bingbot/2.0; +http://www.bing.com/bingbot.htm) Chrome/116.0.1938.76 Safari/537.36"
66.249.69.196 - - [25/Apr/2026:16:24:07 +0300] "GET /items/F514921839/ HTTP/1.1" 404 - "-" "Mozilla/5.0 (Linux; Android 6.0.1; Nexus 5X Build/MMB29P) AppleWebKit/537.36 (KHTML, like Gecko) Chrome/146.0.7680.177 Mobile Safari/537.36 (compatible; GoogleOther)"
66.249.69.197 - - [25/Apr/2026:16:24:27 +0300] "GET /items/F514787744/ HTTP/1.1" 404 - "-" "Mozilla/5.0 (Linux; Android 6.0.1; Nexus 5X Build/MMB29P) AppleWebKit/537.36 (KHTML, like Gecko) Chrome/146.0.7680.177 Mobile Safari/537.36 (compatible; GoogleOther)"
40.77.167.132 - - [25/Apr/2026:16:24:33 +0300] "GET /scrollwiseerg.xml HTTP/1.1" 404 - "-" "Mozilla/5.0 AppleWebKit/537.36 (KHTML, like Gecko; compatible; bingbot/2.0; +http://www.bing.com/bingbot.htm) Chrome/116.0.1938.76 Safari/537.36"
66.249.69.197 - - [25/Apr/2026:16:25:25 +0300] "GET /items/F513713035/ HTTP/1.1" 404 - "-" "Mozilla/5.0 (Linux; Android 6.0.1; Nexus 5X Build/MMB29P) AppleWebKit/537.36 (KHTML, like Gecko) Chrome/146.0.7680.177 Mobile Safari/537.36 (compatible; GoogleOther)"
66.249.69.198 - - [25/Apr/2026:16:26:07 +0300] "GET /items/F511723463/ HTTP/1.1" 404 - "-" "Mozilla/5.0 (Linux; Android 6.0.1; Nexus 5X Build/MMB29P) AppleWebKit/537.36 (KHTML, like Gecko) Chrome/146.0.7680.177 Mobile Safari/537.36 (compatible; GoogleOther)"
66.249.69.196 - - [25/Apr/2026:16:28:08 +0300] "GET /items/F515338982/ HTTP/1.1" 404 - "-" "Mozilla/5.0 (Linux; Android 6.0.1; Nexus 5X Build/MMB29P) AppleWebKit/537.36 (KHTML, like Gecko) Chrome/146.0.7680.177 Mobile Safari/537.36 (compatible; GoogleOther)"
66.249.69.198 - - [25/Apr/2026:16:30:09 +0300] "GET /items/F515428355/ HTTP/1.1" 404 - "-" "Mozilla/5.0 (Linux; Android 6.0.1; Nexus 5X Build/MMB29P) AppleWebKit/537.36 (KHTML, like Gecko) Chrome/146.0.7680.177 Mobile Safari/537.36 (compatible; GoogleOther)"
156.235.89.236 - - [25/Apr/2026:16:38:00 +0300] "GET /.env HTTP/1.1" 404 - "-" "Mozilla/5.0 (Windows NT 10.0; Win64; x64) AppleWebKit/537.36 (KHTML, like Gecko) Chrome/137.0.0.0 Safari/537.36"
74.7.241.25 - - [25/Apr/2026:16:39:03 +0300] "GET /sitemap_index.xml HTTP/1.1" 404 - "-" "Mozilla/5.0 AppleWebKit/537.36 (KHTML, like Gecko; compatible; GPTBot/1.3; +https://openai.com/gptbot)"
57.141.20.55 - - [25/Apr/2026:16:40:25 +0300] "GET /products-2-3-2-3/ HTTP/1.1" 404 - "-" "meta-externalagent/1.1 (+https://developers.facebook.com/docs/sharing/webmasters/crawler)"
40.77.167.20 - - [25/Apr/2026:16:41:38 +0300] "GET /sozinesppc.xml HTTP/1.1" 404 - "-" "Mozilla/5.0 AppleWebKit/537.36 (KHTML, like Gecko; compatible; bingbot/2.0; +http://www.bing.com/bingbot.htm) Chrome/116.0.1938.76 Safari/537.36"
207.46.13.18 - - [25/Apr/2026:16:43:07 +0300] "GET /hypodermatomyrwp.xml HTTP/1.1" 404 - "-" "Mozilla/5.0 AppleWebKit/537.36 (KHTML, like Gecko; compatible; bingbot/2.0; +http://www.bing.com/bingbot.htm) Chrome/116.0.1938.76 Safari/537.36"
57.141.20.0 - - [25/Apr/2026:16:44:01 +0300] "GET /author/crowas/ HTTP/1.1" 404 - "-" "meta-externalagent/1.1 (+https://developers.facebook.com/docs/sharing/webmasters/crawler)"
57.141.20.5 - - [25/Apr/2026:16:45:41 +0300] "GET /category/uncategorized/ HTTP/1.1" 404 - "-" "meta-externalagent/1.1 (+https://developers.facebook.com/docs/sharing/webmasters/crawler)"
44.205.74.196 - - [25/Apr/2026:17:05:10 +0300] "GET /products-2-3-2-5/ HTTP/1.1" 404 - "-" "Mozilla/5.0 AppleWebKit/537.36 (KHTML, like Gecko; compatible; Amazonbot/0.1; +https://developer.amazon.com/support/amazonbot) Chrome/119.0.6045.214 Safari/537.36"
52.167.144.193 - - [25/Apr/2026:17:06:01 +0300] "GET /fruitlessbms.xml HTTP/1.1" 404 - "-" "Mozilla/5.0 AppleWebKit/537.36 (KHTML, like Gecko; compatible; bingbot/2.0; +http://www.bing.com/bingbot.htm) Chrome/116.0.1938.76 Safari/537.36"
40.77.167.70 - - [25/Apr/2026:17:09:56 +0300] "GET /schradertrd.xml HTTP/1.1" 404 - "-" "Mozilla/5.0 AppleWebKit/537.36 (KHTML, like Gecko; compatible; bingbot/2.0; +http://www.bing.com/bingbot.htm) Chrome/116.0.1938.76 Safari/537.36"
207.46.13.170 - - [25/Apr/2026:17:12:12 +0300] "GET /jewshipaiu.xml HTTP/1.1" 404 - "-" "Mozilla/5.0 AppleWebKit/537.36 (KHTML, like Gecko; compatible; bingbot/2.0; +http://www.bing.com/bingbot.htm) Chrome/116.0.1938.76 Safari/537.36"
52.167.144.191 - - [25/Apr/2026:17:12:32 +0300] "GET /cayennesijy.xml HTTP/1.1" 404 - "-" "Mozilla/5.0 AppleWebKit/537.36 (KHTML, like Gecko; compatible; bingbot/2.0; +http://www.bing.com/bingbot.htm) Chrome/116.0.1938.76 Safari/537.36"
52.167.144.189 - - [25/Apr/2026:17:19:27 +0300] "GET /evermozgb.xml HTTP/1.1" 404 - "-" "Mozilla/5.0 AppleWebKit/537.36 (KHTML, like Gecko; compatible; bingbot/2.0; +http://www.bing.com/bingbot.htm) Chrome/116.0.1938.76 Safari/537.36"
157.55.39.57 - - [25/Apr/2026:17:23:27 +0300] "GET /curtainfallbnk.xml HTTP/1.1" 404 - "-" "Mozilla/5.0 AppleWebKit/537.36 (KHTML, like Gecko; compatible; bingbot/2.0; +http://www.bing.com/bingbot.htm) Chrome/116.0.1938.76 Safari/537.36"
52.167.144.189 - - [25/Apr/2026:17:24:18 +0300] "GET /nondeciduataqvq.xml HTTP/1.1" 404 - "-" "Mozilla/5.0 AppleWebKit/537.36 (KHTML, like Gecko; compatible; bingbot/2.0; +http://www.bing.com/bingbot.htm) Chrome/116.0.1938.76 Safari/537.36"
157.55.39.57 - - [25/Apr/2026:17:28:30 +0300] "GET /islandologistwtt.xml HTTP/1.1" 404 - "-" "Mozilla/5.0 AppleWebKit/537.36 (KHTML, like Gecko; compatible; bingbot/2.0; +http://www.bing.com/bingbot.htm) Chrome/116.0.1938.76 Safari/537.36"
66.249.69.196 - - [25/Apr/2026:17:35:20 +0300] "GET /items/K923561552/ HTTP/1.1" 404 - "-" "Mozilla/5.0 (Linux; Android 6.0.1; Nexus 5X Build/MMB29P) AppleWebKit/537.36 (KHTML, like Gecko) Chrome/146.0.7680.177 Mobile Safari/537.36 (compatible; GoogleOther)"
66.249.69.197 - - [25/Apr/2026:17:36:05 +0300] "GET /cate-84-97 HTTP/1.1" 404 - "-" "Mozilla/5.0 (Linux; Android 6.0.1; Nexus 5X Build/MMB29P) AppleWebKit/537.36 (KHTML, like Gecko) Chrome/146.0.7680.177 Mobile Safari/537.36 (compatible; GoogleOther)"
52.167.144.163 - - [25/Apr/2026:17:36:14 +0300] "GET /warehousedxtl.xml HTTP/1.1" 404 - "-" "Mozilla/5.0 AppleWebKit/537.36 (KHTML, like Gecko; compatible; bingbot/2.0; +http://www.bing.com/bingbot.htm) Chrome/116.0.1938.76 Safari/537.36"
57.141.20.16 - - [25/Apr/2026:17:39:30 +0300] "GET /products-2/ HTTP/1.1" 404 - "-" "meta-externalagent/1.1 (+https://developers.facebook.com/docs/sharing/webmasters/crawler)"
216.73.216.133 - - [25/Apr/2026:17:46:27 +0300] "GET /robots.txt HTTP/1.1" 200 1924 "-" "Mozilla/5.0 AppleWebKit/537.36 (KHTML, like Gecko; compatible; ClaudeBot/1.0; +claudebot@anthropic.com)"
216.73.216.133 - - [25/Apr/2026:17:46:27 +0300] "GET /wp-includes/version.php HTTP/1.1" 403 22 "-" "Mozilla/5.0 AppleWebKit/537.36 (KHTML, like Gecko; compatible; ClaudeBot/1.0; +claudebot@anthropic.com)"
216.73.216.133 - - [25/Apr/2026:17:46:28 +0300] "GET /wp-includes/load.php HTTP/1.1" 403 22 "-" "Mozilla/5.0 AppleWebKit/537.36 (KHTML, like Gecko; compatible; ClaudeBot/1.0; +claudebot@anthropic.com)"
216.73.216.133 - - [25/Apr/2026:17:46:28 +0300] "GET /wp-includes/query.php HTTP/1.1" 403 22 "-" "Mozilla/5.0 AppleWebKit/537.36 (KHTML, like Gecko; compatible; ClaudeBot/1.0; +claudebot@anthropic.com)"
216.73.216.133 - - [25/Apr/2026:17:46:29 +0300] "GET /wp-includes/class-http.php HTTP/1.1" 403 22 "-" "Mozilla/5.0 AppleWebKit/537.36 (KHTML, like Gecko; compatible; ClaudeBot/1.0; +claudebot@anthropic.com)"
216.73.216.133 - - [25/Apr/2026:17:46:29 +0300] "GET /wp-admin/install.php HTTP/1.1" 403 22 "-" "Mozilla/5.0 AppleWebKit/537.36 (KHTML, like Gecko; compatible; ClaudeBot/1.0; +claudebot@anthropic.com)"
216.73.216.133 - - [25/Apr/2026:17:46:30 +0300] "GET /wp-includes/session.php HTTP/1.1" 403 22 "-" "Mozilla/5.0 AppleWebKit/537.36 (KHTML, like Gecko; compatible; ClaudeBot/1.0; +claudebot@anthropic.com)"
216.73.216.133 - - [25/Apr/2026:17:46:30 +0300] "GET /wp-includes/comment.php HTTP/1.1" 403 22 "-" "Mozilla/5.0 AppleWebKit/537.36 (KHTML, like Gecko; compatible; ClaudeBot/1.0; +claudebot@anthropic.com)"
216.73.216.133 - - [25/Apr/2026:17:46:30 +0300] "GET /wp-includes/class.wp-scripts.php HTTP/1.1" 403 22 "-" "Mozilla/5.0 AppleWebKit/537.36 (KHTML, like Gecko; compatible; ClaudeBot/1.0; +claudebot@anthropic.com)"
216.73.216.133 - - [25/Apr/2026:17:46:31 +0300] "GET /wp-includes/theme.php HTTP/1.1" 403 22 "-" "Mozilla/5.0 AppleWebKit/537.36 (KHTML, like Gecko; compatible; ClaudeBot/1.0; +claudebot@anthropic.com)"
216.73.216.133 - - [25/Apr/2026:17:46:31 +0300] "GET /wp-includes/wp-diff.php HTTP/1.1" 403 22 "-" "Mozilla/5.0 AppleWebKit/537.36 (KHTML, like Gecko; compatible; ClaudeBot/1.0; +claudebot@anthropic.com)"
216.73.216.133 - - [25/Apr/2026:17:46:31 +0300] "GET /wp-includes/atomlib.php HTTP/1.1" 403 22 "-" "Mozilla/5.0 AppleWebKit/537.36 (KHTML, like Gecko; compatible; ClaudeBot/1.0; +claudebot@anthropic.com)"
216.73.216.133 - - [25/Apr/2026:17:46:32 +0300] "GET /wp-includes/embed.php HTTP/1.1" 403 22 "-" "Mozilla/5.0 AppleWebKit/537.36 (KHTML, like Gecko; compatible; ClaudeBot/1.0; +claudebot@anthropic.com)"
216.73.216.133 - - [25/Apr/2026:17:46:32 +0300] "GET /wp-includes/http.php HTTP/1.1" 403 22 "-" "Mozilla/5.0 AppleWebKit/537.36 (KHTML, like Gecko; compatible; ClaudeBot/1.0; +claudebot@anthropic.com)"
216.73.216.133 - - [25/Apr/2026:17:46:32 +0300] "GET /wp-includes/script-loader.php HTTP/1.1" 403 22 "-" "Mozilla/5.0 AppleWebKit/537.36 (KHTML, like Gecko; compatible; ClaudeBot/1.0; +claudebot@anthropic.com)"
216.73.216.133 - - [25/Apr/2026:17:46:32 +0300] "GET /wp-includes/script-modules.php HTTP/1.1" 403 22 "-" "Mozilla/5.0 AppleWebKit/537.36 (KHTML, like Gecko; compatible; ClaudeBot/1.0; +claudebot@anthropic.com)"
216.73.216.133 - - [25/Apr/2026:17:46:33 +0300] "GET /wp-includes/cache.php HTTP/1.1" 403 22 "-" "Mozilla/5.0 AppleWebKit/537.36 (KHTML, like Gecko; compatible; ClaudeBot/1.0; +claudebot@anthropic.com)"
216.73.216.133 - - [25/Apr/2026:17:46:33 +0300] "GET /wp-includes/https-migration.php HTTP/1.1" 403 22 "-" "Mozilla/5.0 AppleWebKit/537.36 (KHTML, like Gecko; compatible; ClaudeBot/1.0; +claudebot@anthropic.com)"
216.73.216.133 - - [25/Apr/2026:17:46:33 +0300] "GET /wp-includes/plugin.php HTTP/1.1" 403 22 "-" "Mozilla/5.0 AppleWebKit/537.36 (KHTML, like Gecko; compatible; ClaudeBot/1.0; +claudebot@anthropic.com)"
216.73.216.133 - - [25/Apr/2026:17:46:33 +0300] "GET /wp-includes/https-detection.php HTTP/1.1" 403 22 "-" "Mozilla/5.0 AppleWebKit/537.36 (KHTML, like Gecko; compatible; ClaudeBot/1.0; +claudebot@anthropic.com)"
216.73.216.133 - - [25/Apr/2026:17:47:17 +0300] "GET /wp-includes/class-wp-http-encoding.php HTTP/1.1" 403 22 "-" "Mozilla/5.0 AppleWebKit/537.36 (KHTML, like Gecko; compatible; ClaudeBot/1.0; +claudebot@anthropic.com)"
216.73.216.133 - - [25/Apr/2026:17:47:17 +0300] "GET /wp-includes/pluggable.php HTTP/1.1" 403 22 "-" "Mozilla/5.0 AppleWebKit/537.36 (KHTML, like Gecko; compatible; ClaudeBot/1.0; +claudebot@anthropic.com)"
216.73.216.133 - - [25/Apr/2026:17:47:18 +0300] "GET /wp-admin/css/install.css HTTP/1.1" 200 6125 "-" "Mozilla/5.0 AppleWebKit/537.36 (KHTML, like Gecko; compatible; ClaudeBot/1.0; +claudebot@anthropic.com)"
216.73.216.133 - - [25/Apr/2026:17:47:18 +0300] "GET /wp-includes/functions.php HTTP/1.1" 403 22 "-" "Mozilla/5.0 AppleWebKit/537.36 (KHTML, like Gecko; compatible; ClaudeBot/1.0; +claudebot@anthropic.com)"
216.73.216.133 - - [25/Apr/2026:17:47:18 +0300] "GET /wp-includes/feed.php HTTP/1.1" 403 22 "-" "Mozilla/5.0 AppleWebKit/537.36 (KHTML, like Gecko; compatible; ClaudeBot/1.0; +claudebot@anthropic.com)"
216.73.216.133 - - [25/Apr/2026:17:47:18 +0300] "GET /wp-includes/block-patterns.php HTTP/1.1" 403 22 "-" "Mozilla/5.0 AppleWebKit/537.36 (KHTML, like Gecko; compatible; ClaudeBot/1.0; +claudebot@anthropic.com)"
216.73.216.133 - - [25/Apr/2026:17:47:18 +0300] "GET /wp-includes/functions.wp-scripts.php HTTP/1.1" 403 22 "-" "Mozilla/5.0 AppleWebKit/537.36 (KHTML, like Gecko; compatible; ClaudeBot/1.0; +claudebot@anthropic.com)"
216.73.216.133 - - [25/Apr/2026:17:47:18 +0300] "GET /wp-includes/blocks.php HTTP/1.1" 403 22 "-" "Mozilla/5.0 AppleWebKit/537.36 (KHTML, like Gecko; compatible; ClaudeBot/1.0; +claudebot@anthropic.com)"
216.73.216.133 - - [25/Apr/2026:17:47:18 +0300] "GET /wp-includes/shortcodes.php HTTP/1.1" 403 22 "-" "Mozilla/5.0 AppleWebKit/537.36 (KHTML, like Gecko; compatible; ClaudeBot/1.0; +claudebot@anthropic.com)"
91.220.63.221 - - [25/Apr/2026:17:47:18 +0300] "POST /wp-cron.php?doing_wp_cron=1777128438.9134910106658935546875 HTTP/1.1" 403 22 "-" "WordPress/6.9.4; https://crowdandsafety.ro"
216.73.216.133 - - [25/Apr/2026:17:47:18 +0300] "GET /wp-admin/import.php HTTP/1.1" 302 - "-" "Mozilla/5.0 AppleWebKit/537.36 (KHTML, like Gecko; compatible; ClaudeBot/1.0; +claudebot@anthropic.com)"
216.73.216.133 - - [25/Apr/2026:17:47:18 +0300] "GET /wp-includes/template.php HTTP/1.1" 403 22 "-" "Mozilla/5.0 AppleWebKit/537.36 (KHTML, like Gecko; compatible; ClaudeBot/1.0; +claudebot@anthropic.com)"
216.73.216.133 - - [25/Apr/2026:17:47:19 +0300] "GET /wp-includes/block-editor.php HTTP/1.1" 403 22 "-" "Mozilla/5.0 AppleWebKit/537.36 (KHTML, like Gecko; compatible; ClaudeBot/1.0; +claudebot@anthropic.com)"
216.73.216.133 - - [25/Apr/2026:17:47:19 +0300] "GET /wp-login.php?redirect_to=https%3A%2F%2Fcrowdandsafety.ro%2Fwp-admin%2Fimport.php&reauth=1 HTTP/1.1" 200 4754 "https://crowdandsafety.ro/wp-admin/import.php" "Mozilla/5.0 AppleWebKit/537.36 (KHTML, like Gecko; compatible; ClaudeBot/1.0; +claudebot@anthropic.com)"
216.73.216.133 - - [25/Apr/2026:17:47:19 +0300] "GET /wp-includes/widgets.php HTTP/1.1" 500 2653 "-" "Mozilla/5.0 AppleWebKit/537.36 (KHTML, like Gecko; compatible; ClaudeBot/1.0; +claudebot@anthropic.com)"
216.73.216.133 - - [25/Apr/2026:17:47:19 +0300] "GET /wp-includes/post.php HTTP/1.1" 500 2653 "-" "Mozilla/5.0 AppleWebKit/537.36 (KHTML, like Gecko; compatible; ClaudeBot/1.0; +claudebot@anthropic.com)"
216.73.216.133 - - [25/Apr/2026:17:47:19 +0300] "GET /wp-includes/class-wp-scripts.php HTTP/1.1" 403 22 "-" "Mozilla/5.0 AppleWebKit/537.36 (KHTML, like Gecko; compatible; ClaudeBot/1.0; +claudebot@anthropic.com)"
216.73.216.133 - - [25/Apr/2026:17:47:19 +0300] "GET /wp-includes/date.php HTTP/1.1" 403 22 "-" "Mozilla/5.0 AppleWebKit/537.36 (KHTML, like Gecko; compatible; ClaudeBot/1.0; +claudebot@anthropic.com)"
216.73.216.133 - - [25/Apr/2026:17:47:19 +0300] "GET /wp-includes/user.php HTTP/1.1" 403 22 "-" "Mozilla/5.0 AppleWebKit/537.36 (KHTML, like Gecko; compatible; ClaudeBot/1.0; +claudebot@anthropic.com)"
216.73.216.133 - - [25/Apr/2026:17:47:20 +0300] "GET /wp-includes/update.php HTTP/1.1" 403 22 "-" "Mozilla/5.0 AppleWebKit/537.36 (KHTML, like Gecko; compatible; ClaudeBot/1.0; +claudebot@anthropic.com)"
216.73.216.133 - - [25/Apr/2026:17:47:20 +0300] "GET /wp-includes/rss.php HTTP/1.1" 403 22 "-" "Mozilla/5.0 AppleWebKit/537.36 (KHTML, like Gecko; compatible; ClaudeBot/1.0; +claudebot@anthropic.com)"
216.73.216.133 - - [25/Apr/2026:17:47:52 +0300] "GET /wp-includes/class-wp-editor.php HTTP/1.1" 403 22 "-" "Mozilla/5.0 AppleWebKit/537.36 (KHTML, like Gecko; compatible; ClaudeBot/1.0; +claudebot@anthropic.com)"
216.73.216.133 - - [25/Apr/2026:17:47:52 +0300] "GET /wp-includes/rewrite.php HTTP/1.1" 403 22 "-" "Mozilla/5.0 AppleWebKit/537.36 (KHTML, like Gecko; compatible; ClaudeBot/1.0; +claudebot@anthropic.com)"
216.73.216.133 - - [25/Apr/2026:17:47:52 +0300] "GET /wp-includes/class-wp-error.php HTTP/1.1" 403 22 "-" "Mozilla/5.0 AppleWebKit/537.36 (KHTML, like Gecko; compatible; ClaudeBot/1.0; +claudebot@anthropic.com)"
216.73.216.133 - - [25/Apr/2026:17:47:52 +0300] "GET /wp-includes/embed-template.php HTTP/1.1" 403 22 "-" "Mozilla/5.0 AppleWebKit/537.36 (KHTML, like Gecko; compatible; ClaudeBot/1.0; +claudebot@anthropic.com)"
216.73.216.133 - - [25/Apr/2026:17:47:52 +0300] "GET /wp-includes/class-wp-script-modules.php HTTP/1.1" 403 22 "-" "Mozilla/5.0 AppleWebKit/537.36 (KHTML, like Gecko; compatible; ClaudeBot/1.0; +claudebot@anthropic.com)"
216.73.216.133 - - [25/Apr/2026:17:47:53 +0300] "GET /wp-includes/cache-compat.php HTTP/1.1" 403 22 "-" "Mozilla/5.0 AppleWebKit/537.36 (KHTML, like Gecko; compatible; ClaudeBot/1.0; +claudebot@anthropic.com)"
216.73.216.133 - - [25/Apr/2026:17:47:53 +0300] "GET /wp-includes/class-wp.php HTTP/1.1" 403 22 "-" "Mozilla/5.0 AppleWebKit/537.36 (KHTML, like Gecko; compatible; ClaudeBot/1.0; +claudebot@anthropic.com)"
216.73.216.133 - - [25/Apr/2026:17:47:53 +0300] "GET /wp-includes/class-wp-http-proxy.php HTTP/1.1" 403 22 "-" "Mozilla/5.0 AppleWebKit/537.36 (KHTML, like Gecko; compatible; ClaudeBot/1.0; +claudebot@anthropic.com)"
216.73.216.133 - - [25/Apr/2026:17:47:53 +0300] "GET /wp-includes/default-widgets.php HTTP/1.1" 403 22 "-" "Mozilla/5.0 AppleWebKit/537.36 (KHTML, like Gecko; compatible; ClaudeBot/1.0; +claudebot@anthropic.com)"
216.73.216.133 - - [25/Apr/2026:17:47:53 +0300] "GET /wp-includes/abilities-api.php HTTP/1.1" 403 22 "-" "Mozilla/5.0 AppleWebKit/537.36 (KHTML, like Gecko; compatible; ClaudeBot/1.0; +claudebot@anthropic.com)"
216.73.216.133 - - [25/Apr/2026:17:47:53 +0300] "GET /wp-includes/option.php HTTP/1.1" 403 22 "-" "Mozilla/5.0 AppleWebKit/537.36 (KHTML, like Gecko; compatible; ClaudeBot/1.0; +claudebot@anthropic.com)"
216.73.216.133 - - [25/Apr/2026:17:47:53 +0300] "GET /wp-includes/compat.php HTTP/1.1" 403 22 "-" "Mozilla/5.0 AppleWebKit/537.36 (KHTML, like Gecko; compatible; ClaudeBot/1.0; +claudebot@anthropic.com)"
216.73.216.133 - - [25/Apr/2026:17:47:53 +0300] "GET /wp-includes/meta.php HTTP/1.1" 403 22 "-" "Mozilla/5.0 AppleWebKit/537.36 (KHTML, like Gecko; compatible; ClaudeBot/1.0; +claudebot@anthropic.com)"
216.73.216.133 - - [25/Apr/2026:17:47:53 +0300] "GET /wp-includes/css/ HTTP/1.1" 200 8770 "-" "Mozilla/5.0 AppleWebKit/537.36 (KHTML, like Gecko; compatible; ClaudeBot/1.0; +claudebot@anthropic.com)"
216.73.216.133 - - [25/Apr/2026:17:47:53 +0300] "GET /wp-includes/template-loader.php HTTP/1.1" 403 22 "-" "Mozilla/5.0 AppleWebKit/537.36 (KHTML, like Gecko; compatible; ClaudeBot/1.0; +claudebot@anthropic.com)"
216.73.216.133 - - [25/Apr/2026:17:47:54 +0300] "GET /wp-includes/class-wp-http.php HTTP/1.1" 403 22 "-" "Mozilla/5.0 AppleWebKit/537.36 (KHTML, like Gecko; compatible; ClaudeBot/1.0; +claudebot@anthropic.com)"
216.73.216.133 - - [25/Apr/2026:17:47:54 +0300] "GET /wp-includes/class-json.php HTTP/1.1" 403 22 "-" "Mozilla/5.0 AppleWebKit/537.36 (KHTML, like Gecko; compatible; ClaudeBot/1.0; +claudebot@anthropic.com)"
216.73.216.133 - - [25/Apr/2026:17:47:54 +0300] "GET /wp-includes/abilities.php HTTP/1.1" 403 22 "-" "Mozilla/5.0 AppleWebKit/537.36 (KHTML, like Gecko; compatible; ClaudeBot/1.0; +claudebot@anthropic.com)"
216.73.216.133 - - [25/Apr/2026:17:47:54 +0300] "GET /wp-includes/utf8.php HTTP/1.1" 403 22 "-" "Mozilla/5.0 AppleWebKit/537.36 (KHTML, like Gecko; compatible; ClaudeBot/1.0; +claudebot@anthropic.com)"
40.77.167.26 - - [25/Apr/2026:17:48:05 +0300] "GET /footblowerljh.xml HTTP/1.1" 404 - "-" "Mozilla/5.0 AppleWebKit/537.36 (KHTML, like Gecko; compatible; bingbot/2.0; +http://www.bing.com/bingbot.htm) Chrome/116.0.1938.76 Safari/537.36"
216.73.216.133 - - [25/Apr/2026:17:48:23 +0300] "GET /wp-includes/class-IXR.php HTTP/1.1" 403 22 "-" "Mozilla/5.0 AppleWebKit/537.36 (KHTML, like Gecko; compatible; ClaudeBot/1.0; +claudebot@anthropic.com)"
216.73.216.133 - - [25/Apr/2026:17:48:23 +0300] "GET /wp-includes/cron.php HTTP/1.1" 403 22 "-" "Mozilla/5.0 AppleWebKit/537.36 (KHTML, like Gecko; compatible; ClaudeBot/1.0; +claudebot@anthropic.com)"
216.73.216.133 - - [25/Apr/2026:17:48:23 +0300] "GET /wp-includes/theme-previews.php HTTP/1.1" 403 22 "-" "Mozilla/5.0 AppleWebKit/537.36 (KHTML, like Gecko; compatible; ClaudeBot/1.0; +claudebot@anthropic.com)"
216.73.216.133 - - [25/Apr/2026:17:48:23 +0300] "GET /wp-includes/class-oembed.php HTTP/1.1" 403 22 "-" "Mozilla/5.0 AppleWebKit/537.36 (KHTML, like Gecko; compatible; ClaudeBot/1.0; +claudebot@anthropic.com)"
216.73.216.133 - - [25/Apr/2026:17:48:23 +0300] "GET /wp-includes/class-wp-theme.php HTTP/1.1" 403 22 "-" "Mozilla/5.0 AppleWebKit/537.36 (KHTML, like Gecko; compatible; ClaudeBot/1.0; +claudebot@anthropic.com)"
216.73.216.133 - - [25/Apr/2026:17:48:24 +0300] "GET /wp-includes/class-feed.php HTTP/1.1" 403 22 "-" "Mozilla/5.0 AppleWebKit/537.36 (KHTML, like Gecko; compatible; ClaudeBot/1.0; +claudebot@anthropic.com)"
216.73.216.133 - - [25/Apr/2026:17:48:24 +0300] "GET /wp-includes/class-wpdb.php HTTP/1.1" 403 22 "-" "Mozilla/5.0 AppleWebKit/537.36 (KHTML, like Gecko; compatible; ClaudeBot/1.0; +claudebot@anthropic.com)"
216.73.216.133 - - [25/Apr/2026:17:48:24 +0300] "GET /wp-includes/html-api/ HTTP/1.1" 200 3502 "-" "Mozilla/5.0 AppleWebKit/537.36 (KHTML, like Gecko; compatible; ClaudeBot/1.0; +claudebot@anthropic.com)"
91.220.63.221 - - [25/Apr/2026:17:48:24 +0300] "POST /wp-cron.php?doing_wp_cron=1777128504.3626639842987060546875 HTTP/1.1" 403 22 "-" "WordPress/6.9.4; https://crowdandsafety.ro"
216.73.216.133 - - [25/Apr/2026:17:48:24 +0300] "GET /wp-admin/update-core.php HTTP/1.1" 302 - "-" "Mozilla/5.0 AppleWebKit/537.36 (KHTML, like Gecko; compatible; ClaudeBot/1.0; +claudebot@anthropic.com)"
216.73.216.133 - - [25/Apr/2026:17:48:24 +0300] "GET /wp-includes/bookmark.php HTTP/1.1" 403 22 "-" "Mozilla/5.0 AppleWebKit/537.36 (KHTML, like Gecko; compatible; ClaudeBot/1.0; +claudebot@anthropic.com)"
216.73.216.133 - - [25/Apr/2026:17:48:24 +0300] "GET /wp-includes/style-engine.php HTTP/1.1" 403 22 "-" "Mozilla/5.0 AppleWebKit/537.36 (KHTML, like Gecko; compatible; ClaudeBot/1.0; +claudebot@anthropic.com)"
216.73.216.133 - - [25/Apr/2026:17:48:24 +0300] "GET /wp-includes/admin-bar.php HTTP/1.1" 403 22 "-" "Mozilla/5.0 AppleWebKit/537.36 (KHTML, like Gecko; compatible; ClaudeBot/1.0; +claudebot@anthropic.com)"
216.73.216.133 - - [25/Apr/2026:17:48:24 +0300] "GET /wp-includes/rest-api.php HTTP/1.1" 403 22 "-" "Mozilla/5.0 AppleWebKit/537.36 (KHTML, like Gecko; compatible; ClaudeBot/1.0; +claudebot@anthropic.com)"
216.73.216.133 - - [25/Apr/2026:17:48:24 +0300] "GET /wp-includes/theme.json HTTP/1.1" 200 8921 "-" "Mozilla/5.0 AppleWebKit/537.36 (KHTML, like Gecko; compatible; ClaudeBot/1.0; +claudebot@anthropic.com)"
216.73.216.133 - - [25/Apr/2026:17:48:24 +0300] "GET /wp-includes/deprecated.php HTTP/1.1" 403 22 "-" "Mozilla/5.0 AppleWebKit/537.36 (KHTML, like Gecko; compatible; ClaudeBot/1.0; +claudebot@anthropic.com)"
216.73.216.133 - - [25/Apr/2026:17:48:24 +0300] "GET /wp-login.php?redirect_to=https%3A%2F%2Fcrowdandsafety.ro%2Fwp-admin%2Fupdate-core.php&reauth=1 HTTP/1.1" 200 4759 "https://crowdandsafety.ro/wp-admin/update-core.php" "Mozilla/5.0 AppleWebKit/537.36 (KHTML, like Gecko; compatible; ClaudeBot/1.0; +claudebot@anthropic.com)"
216.73.216.133 - - [25/Apr/2026:17:48:25 +0300] "GET /wp-includes/comment-template.php HTTP/1.1" 403 22 "-" "Mozilla/5.0 AppleWebKit/537.36 (KHTML, like Gecko; compatible; ClaudeBot/1.0; +claudebot@anthropic.com)"
216.73.216.133 - - [25/Apr/2026:17:48:25 +0300] "GET /wp-includes/class-wp-block-processor.php HTTP/1.1" 403 22 "-" "Mozilla/5.0 AppleWebKit/537.36 (KHTML, like Gecko; compatible; ClaudeBot/1.0; +claudebot@anthropic.com)"
216.73.216.133 - - [25/Apr/2026:17:48:25 +0300] "GET /wp-includes/formatting.php HTTP/1.1" 403 22 "-" "Mozilla/5.0 AppleWebKit/537.36 (KHTML, like Gecko; compatible; ClaudeBot/1.0; +claudebot@anthropic.com)"
216.73.216.133 - - [25/Apr/2026:17:48:25 +0300] "GET /wp-includes/capabilities.php HTTP/1.1" 403 22 "-" "Mozilla/5.0 AppleWebKit/537.36 (KHTML, like Gecko; compatible; ClaudeBot/1.0; +claudebot@anthropic.com)"
216.73.216.133 - - [25/Apr/2026:17:49:29 +0300] "GET /wp-includes/class-requests.php HTTP/1.1" 403 22 "-" "Mozilla/5.0 AppleWebKit/537.36 (KHTML, like Gecko; compatible; ClaudeBot/1.0; +claudebot@anthropic.com)"
216.73.216.133 - - [25/Apr/2026:17:49:29 +0300] "GET /wp-includes/registration.php HTTP/1.1" 403 22 "-" "Mozilla/5.0 AppleWebKit/537.36 (KHTML, like Gecko; compatible; ClaudeBot/1.0; +claudebot@anthropic.com)"
216.73.216.133 - - [25/Apr/2026:17:49:30 +0300] "GET /wp-includes/speculative-loading.php HTTP/1.1" 403 22 "-" "Mozilla/5.0 AppleWebKit/537.36 (KHTML, like Gecko; compatible; ClaudeBot/1.0; +claudebot@anthropic.com)"
216.73.216.133 - - [25/Apr/2026:17:49:30 +0300] "GET /wp-includes/wp-db.php HTTP/1.1" 403 22 "-" "Mozilla/5.0 AppleWebKit/537.36 (KHTML, like Gecko; compatible; ClaudeBot/1.0; +claudebot@anthropic.com)"
216.73.216.133 - - [25/Apr/2026:17:49:30 +0300] "GET /wp-includes/error-protection.php HTTP/1.1" 403 22 "-" "Mozilla/5.0 AppleWebKit/537.36 (KHTML, like Gecko; compatible; ClaudeBot/1.0; +claudebot@anthropic.com)"
216.73.216.133 - - [25/Apr/2026:17:49:30 +0300] "GET /wp-includes/post-template.php HTTP/1.1" 403 22 "-" "Mozilla/5.0 AppleWebKit/537.36 (KHTML, like Gecko; compatible; ClaudeBot/1.0; +claudebot@anthropic.com)"
216.73.216.133 - - [25/Apr/2026:17:49:30 +0300] "GET /wp-includes/feed-atom.php HTTP/1.1" 403 22 "-" "Mozilla/5.0 AppleWebKit/537.36 (KHTML, like Gecko; compatible; ClaudeBot/1.0; +claudebot@anthropic.com)"
216.73.216.133 - - [25/Apr/2026:17:49:30 +0300] "GET /wp-includes/link-template.php HTTP/1.1" 403 22 "-" "Mozilla/5.0 AppleWebKit/537.36 (KHTML, like Gecko; compatible; ClaudeBot/1.0; +claudebot@anthropic.com)"
216.73.216.133 - - [25/Apr/2026:17:49:30 +0300] "GET /wp-includes/class-wp-post.php HTTP/1.1" 403 22 "-" "Mozilla/5.0 AppleWebKit/537.36 (KHTML, like Gecko; compatible; ClaudeBot/1.0; +claudebot@anthropic.com)"
216.73.216.133 - - [25/Apr/2026:17:49:30 +0300] "GET /wp-includes/class-simplepie.php HTTP/1.1" 403 22 "-" "Mozilla/5.0 AppleWebKit/537.36 (KHTML, like Gecko; compatible; ClaudeBot/1.0; +claudebot@anthropic.com)"
216.73.216.133 - - [25/Apr/2026:17:49:30 +0300] "GET /wp-includes/rss-functions.php HTTP/1.1" 403 22 "-" "Mozilla/5.0 AppleWebKit/537.36 (KHTML, like Gecko; compatible; ClaudeBot/1.0; +claudebot@anthropic.com)"
216.73.216.133 - - [25/Apr/2026:17:49:30 +0300] "GET /wp-includes/feed-rss.php HTTP/1.1" 403 22 "-" "Mozilla/5.0 AppleWebKit/537.36 (KHTML, like Gecko; compatible; ClaudeBot/1.0; +claudebot@anthropic.com)"
216.73.216.133 - - [25/Apr/2026:17:49:30 +0300] "GET /wp-includes/ms-load.php HTTP/1.1" 403 22 "-" "Mozilla/5.0 AppleWebKit/537.36 (KHTML, like Gecko; compatible; ClaudeBot/1.0; +claudebot@anthropic.com)"
216.73.216.133 - - [25/Apr/2026:17:49:30 +0300] "GET /wp-includes/class-wp-embed.php HTTP/1.1" 403 22 "-" "Mozilla/5.0 AppleWebKit/537.36 (KHTML, like Gecko; compatible; ClaudeBot/1.0; +claudebot@anthropic.com)"
216.73.216.133 - - [25/Apr/2026:17:49:30 +0300] "GET /wp-admin/upgrade.php HTTP/1.1" 403 22 "-" "Mozilla/5.0 AppleWebKit/537.36 (KHTML, like Gecko; compatible; ClaudeBot/1.0; +claudebot@anthropic.com)"
216.73.216.133 - - [25/Apr/2026:17:49:30 +0300] "GET /wp-includes/ms-network.php HTTP/1.1" 403 22 "-" "Mozilla/5.0 AppleWebKit/537.36 (KHTML, like Gecko; compatible; ClaudeBot/1.0; +claudebot@anthropic.com)"
216.73.216.133 - - [25/Apr/2026:17:49:31 +0300] "GET /wp-includes/class-wp-object-cache.php HTTP/1.1" 403 22 "-" "Mozilla/5.0 AppleWebKit/537.36 (KHTML, like Gecko; compatible; ClaudeBot/1.0; +claudebot@anthropic.com)"
216.73.216.133 - - [25/Apr/2026:17:49:31 +0300] "GET /wp-includes/category.php HTTP/1.1" 403 22 "-" "Mozilla/5.0 AppleWebKit/537.36 (KHTML, like Gecko; compatible; ClaudeBot/1.0; +claudebot@anthropic.com)"
216.73.216.133 - - [25/Apr/2026:17:49:31 +0300] "GET /wp-includes/block-template.php HTTP/1.1" 403 22 "-" "Mozilla/5.0 AppleWebKit/537.36 (KHTML, like Gecko; compatible; ClaudeBot/1.0; +claudebot@anthropic.com)"
216.73.216.133 - - [25/Apr/2026:17:49:36 +0300] "GET /wp-includes/class-wp-query.php HTTP/1.1" 403 22 "-" "Mozilla/5.0 AppleWebKit/537.36 (KHTML, like Gecko; compatible; ClaudeBot/1.0; +claudebot@anthropic.com)"
216.73.216.133 - - [25/Apr/2026:17:49:36 +0300] "GET /wp-includes/sitemaps.php HTTP/1.1" 403 22 "-" "Mozilla/5.0 AppleWebKit/537.36 (KHTML, like Gecko; compatible; ClaudeBot/1.0; +claudebot@anthropic.com)"
216.73.216.133 - - [25/Apr/2026:17:49:37 +0300] "GET /wp-includes/Text/ HTTP/1.1" 200 1199 "-" "Mozilla/5.0 AppleWebKit/537.36 (KHTML, like Gecko; compatible; ClaudeBot/1.0; +claudebot@anthropic.com)"
216.73.216.133 - - [25/Apr/2026:17:49:37 +0300] "GET /wp-includes/class-wp-http-response.php HTTP/1.1" 403 22 "-" "Mozilla/5.0 AppleWebKit/537.36 (KHTML, like Gecko; compatible; ClaudeBot/1.0; +claudebot@anthropic.com)"
216.73.216.133 - - [25/Apr/2026:17:49:37 +0300] "GET /wp-includes/block-template-utils.php HTTP/1.1" 403 22 "-" "Mozilla/5.0 AppleWebKit/537.36 (KHTML, like Gecko; compatible; ClaudeBot/1.0; +claudebot@anthropic.com)"
216.73.216.133 - - [25/Apr/2026:17:49:37 +0300] "GET /wp-includes/feed-rss2.php HTTP/1.1" 403 22 "-" "Mozilla/5.0 AppleWebKit/537.36 (KHTML, like Gecko; compatible; ClaudeBot/1.0; +claudebot@anthropic.com)"
216.73.216.133 - - [25/Apr/2026:17:49:37 +0300] "GET /wp-includes/class-wp-widget.php HTTP/1.1" 403 22 "-" "Mozilla/5.0 AppleWebKit/537.36 (KHTML, like Gecko; compatible; ClaudeBot/1.0; +claudebot@anthropic.com)"
216.73.216.133 - - [25/Apr/2026:17:49:37 +0300] "GET /wp-includes/class-wp-oembed-controller.php HTTP/1.1" 403 22 "-" "Mozilla/5.0 AppleWebKit/537.36 (KHTML, like Gecko; compatible; ClaudeBot/1.0; +claudebot@anthropic.com)"
216.73.216.133 - - [25/Apr/2026:17:49:37 +0300] "GET /wp-includes/class-wp-hook.php HTTP/1.1" 403 22 "-" "Mozilla/5.0 AppleWebKit/537.36 (KHTML, like Gecko; compatible; ClaudeBot/1.0; +claudebot@anthropic.com)"
216.73.216.133 - - [25/Apr/2026:17:49:37 +0300] "GET /wp-includes/class-wp-http-cookie.php HTTP/1.1" 403 22 "-" "Mozilla/5.0 AppleWebKit/537.36 (KHTML, like Gecko; compatible; ClaudeBot/1.0; +claudebot@anthropic.com)"
216.73.216.133 - - [25/Apr/2026:17:49:37 +0300] "GET /wp-includes/default-constants.php HTTP/1.1" 403 22 "-" "Mozilla/5.0 AppleWebKit/537.36 (KHTML, like Gecko; compatible; ClaudeBot/1.0; +claudebot@anthropic.com)"
216.73.216.133 - - [25/Apr/2026:17:49:37 +0300] "GET /wp-includes/class-wp-block-parser.php HTTP/1.1" 403 22 "-" "Mozilla/5.0 AppleWebKit/537.36 (KHTML, like Gecko; compatible; ClaudeBot/1.0; +claudebot@anthropic.com)"
216.73.216.133 - - [25/Apr/2026:17:49:37 +0300] "GET /wp-includes/class-wp-network.php HTTP/1.1" 403 22 "-" "Mozilla/5.0 AppleWebKit/537.36 (KHTML, like Gecko; compatible; ClaudeBot/1.0; +claudebot@anthropic.com)"
216.73.216.133 - - [25/Apr/2026:17:49:37 +0300] "GET /wp-includes/class-wp-comment.php HTTP/1.1" 403 22 "-" "Mozilla/5.0 AppleWebKit/537.36 (KHTML, like Gecko; compatible; ClaudeBot/1.0; +claudebot@anthropic.com)"
216.73.216.133 - - [25/Apr/2026:17:49:37 +0300] "GET /wp-includes/taxonomy.php HTTP/1.1" 403 22 "-" "Mozilla/5.0 AppleWebKit/537.36 (KHTML, like Gecko; compatible; ClaudeBot/1.0; +claudebot@anthropic.com)"
216.73.216.133 - - [25/Apr/2026:17:49:37 +0300] "GET /wp-includes/interactivity-api/ HTTP/1.1" 200 1307 "-" "Mozilla/5.0 AppleWebKit/537.36 (KHTML, like Gecko; compatible; ClaudeBot/1.0; +claudebot@anthropic.com)"
216.73.216.133 - - [25/Apr/2026:17:49:37 +0300] "GET /wp-includes/class-phpass.php HTTP/1.1" 403 22 "-" "Mozilla/5.0 AppleWebKit/537.36 (KHTML, like Gecko; compatible; ClaudeBot/1.0; +claudebot@anthropic.com)"
216.73.216.133 - - [25/Apr/2026:17:49:37 +0300] "GET /wp-includes/class-walker-comment.php HTTP/1.1" 403 22 "-" "Mozilla/5.0 AppleWebKit/537.36 (KHTML, like Gecko; compatible; ClaudeBot/1.0; +claudebot@anthropic.com)"
91.220.63.221 - - [25/Apr/2026:17:49:38 +0300] "POST /wp-cron.php?doing_wp_cron=1777128577.9140360355377197265625 HTTP/1.1" 403 22 "-" "WordPress/6.9.4; https://crowdandsafety.ro"
216.73.216.133 - - [25/Apr/2026:17:49:37 +0300] "GET /wp-includes/media.php HTTP/1.1" 500 2653 "-" "Mozilla/5.0 AppleWebKit/537.36 (KHTML, like Gecko; compatible; ClaudeBot/1.0; +claudebot@anthropic.com)"
207.46.13.54 - - [25/Apr/2026:17:49:41 +0300] "GET /advenientkmp.xml HTTP/1.1" 404 - "-" "Mozilla/5.0 AppleWebKit/537.36 (KHTML, like Gecko; compatible; bingbot/2.0; +http://www.bing.com/bingbot.htm) Chrome/116.0.1938.76 Safari/537.36"
216.73.216.133 - - [25/Apr/2026:17:49:51 +0300] "GET /wp-includes/class-wp-theme-json.php HTTP/1.1" 403 22 "-" "Mozilla/5.0 AppleWebKit/537.36 (KHTML, like Gecko; compatible; ClaudeBot/1.0; +claudebot@anthropic.com)"
216.73.216.133 - - [25/Apr/2026:17:49:52 +0300] "GET /wp-includes/class-wp-theme-json-data.php HTTP/1.1" 403 22 "-" "Mozilla/5.0 AppleWebKit/537.36 (KHTML, like Gecko; compatible; ClaudeBot/1.0; +claudebot@anthropic.com)"
216.73.216.133 - - [25/Apr/2026:17:49:52 +0300] "GET /wp-includes/vars.php HTTP/1.1" 403 22 "-" "Mozilla/5.0 AppleWebKit/537.36 (KHTML, like Gecko; compatible; ClaudeBot/1.0; +claudebot@anthropic.com)"
216.73.216.133 - - [25/Apr/2026:17:49:52 +0300] "GET /wp-includes/class-wp-exception.php HTTP/1.1" 403 22 "-" "Mozilla/5.0 AppleWebKit/537.36 (KHTML, like Gecko; compatible; ClaudeBot/1.0; +claudebot@anthropic.com)"
216.73.216.133 - - [25/Apr/2026:17:49:52 +0300] "GET /wp-includes/class-wp-block.php HTTP/1.1" 403 22 "-" "Mozilla/5.0 AppleWebKit/537.36 (KHTML, like Gecko; compatible; ClaudeBot/1.0; +claudebot@anthropic.com)"
216.73.216.133 - - [25/Apr/2026:17:49:52 +0300] "GET /wp-includes/class.wp-styles.php HTTP/1.1" 403 22 "-" "Mozilla/5.0 AppleWebKit/537.36 (KHTML, like Gecko; compatible; ClaudeBot/1.0; +claudebot@anthropic.com)"
216.73.216.133 - - [25/Apr/2026:17:49:52 +0300] "GET /wp-includes/feed-atom-comments.php HTTP/1.1" 403 22 "-" "Mozilla/5.0 AppleWebKit/537.36 (KHTML, like Gecko; compatible; ClaudeBot/1.0; +claudebot@anthropic.com)"
216.73.216.133 - - [25/Apr/2026:17:49:52 +0300] "GET /wp-includes/author-template.php HTTP/1.1" 403 22 "-" "Mozilla/5.0 AppleWebKit/537.36 (KHTML, like Gecko; compatible; ClaudeBot/1.0; +claudebot@anthropic.com)"
216.73.216.133 - - [25/Apr/2026:17:49:52 +0300] "GET /wp-includes/ms-functions.php HTTP/1.1" 403 22 "-" "Mozilla/5.0 AppleWebKit/537.36 (KHTML, like Gecko; compatible; ClaudeBot/1.0; +claudebot@anthropic.com)"
216.73.216.133 - - [25/Apr/2026:17:49:53 +0300] "GET /wp-includes/class-wp-term.php HTTP/1.1" 403 22 "-" "Mozilla/5.0 AppleWebKit/537.36 (KHTML, like Gecko; compatible; ClaudeBot/1.0; +claudebot@anthropic.com)"
216.73.216.133 - - [25/Apr/2026:17:49:53 +0300] "GET /wp-includes/fonts.php HTTP/1.1" 403 22 "-" "Mozilla/5.0 AppleWebKit/537.36 (KHTML, like Gecko; compatible; ClaudeBot/1.0; +claudebot@anthropic.com)"
216.73.216.133 - - [25/Apr/2026:17:49:53 +0300] "GET /wp-includes/block-bindings.php HTTP/1.1" 403 22 "-" "Mozilla/5.0 AppleWebKit/537.36 (KHTML, like Gecko; compatible; ClaudeBot/1.0; +claudebot@anthropic.com)"
216.73.216.133 - - [25/Apr/2026:17:49:53 +0300] "GET /wp-includes/class-wp-walker.php HTTP/1.1" 403 22 "-" "Mozilla/5.0 AppleWebKit/537.36 (KHTML, like Gecko; compatible; ClaudeBot/1.0; +claudebot@anthropic.com)"
